mmon factor of 34 and 6698.
34
Calculate the highest common factor of 11 and 869.
11
Calculate the greatest common factor of 36 and 32.
4
What is the greatest common divisor of 123 and 753?
3
Calculate the greatest common factor of 1 and 32.
1
Calculate the greatest common factor of 1620 and 4698.
162
Calculate the highest common factor of 1791 and 9.
9
Calculate the greatest common factor of 9385 and 5.
5
Calculate the highest common factor of 392 and 2303.
49
Calculate the greatest common factor of 84 and 96.
12
Calculate the greatest common divisor of 200 and 75.
25
What is the greatest common factor of 31 and 2108?
31
What is the highest common factor of 45 and 38775?
15
Calculate the highest common factor of 5328 and 144.
144
What is the greatest common divisor of 6 and 12318?
6
Calculate the highest common divisor of 112 and 88.
8
Calculate the highest common divisor of 1955 and 920.
115
What is the greatest common divisor of 210 and 126?
42
What is the greatest common factor of 81 and 3969?
81
What is the highest common divisor of 40 and 4296?
8
What is the greatest common factor of 300 and 20?
20
Calculate the greatest common divisor of 333 and 148.
37
Calculate the highest common divisor of 77 and 826.
7
Calculate the highest common divisor of 162 and 6.
6
What is the highest common divisor of 860 and 5332?
172
Calculate the highest common divisor of 18 and 468.
18
Calculate the greatest common divisor of 478 and 2.
2
Calculate the greatest common divisor of 27 and 1044.
9
What is the greatest common factor of 1989 and 459?
153
What is the highest common factor of 3630 and 33?
33
Calculate the greatest common factor of 63 and 441.
63
Calculate the highest common factor of 2 and 13.
1
What is the greatest common divisor of 488 and 6?
2
Calculate the highest common divisor of 157709 and 17.
17
Calculate the greatest common factor of 265 and 10.
5
What is the highest common factor of 27 and 1?
1
Calculate the greatest common factor of 44478 and 12.
6
What is the highest common factor of 689 and 65?
13
Calculate the greatest common divisor of 648 and 54.
54
What is the highest common divisor of 3 and 1797?
3
Calculate the greatest common factor of 508 and 1397.
127
Calculate the greatest common factor of 2156 and 224.
28
Calculate the highest common factor of 405 and 30.
15
What is the greatest common divisor of 69 and 6256?
23
Calculate the greatest common factor of 203 and 116.
29
Calculate the greatest common divisor of 7 and 5299.
7
What is the greatest common divisor of 17 and 3349?
17
What is the highest common factor of 21285 and 258?
129
Calculate the highest common divisor of 22910 and 290.
290
What is the highest common divisor of 23 and 10465?
23
Calculate the highest common divisor of 3857 and 133.
133
What is the greatest common divisor of 18 and 22?
2
What is the highest common factor of 711 and 9?
9
What is the highest common divisor of 16 and 52?
4
Calculate the highest common factor of 50 and 640.
10
What is the highest common divisor of 2166 and 456?
114
What is the highest common divisor of 54 and 21?
3
Calculate the greatest common factor of 116 and 464.
116
Calculate the highest common factor of 11 and 704.
11
What is the greatest common divisor of 117 and 91?
13
Calculate the greatest common factor of 231 and 33.
33
Calculate the greatest common factor of 48 and 25512.
24
Calculate the greatest common divisor of 156 and 884.
52
What is the greatest common factor of 220 and 330?
110
What is the highest common factor of 8 and 19672?
8
Calculate the greatest common divisor of 43332 and 69.
69
What is the greatest common factor of 979 and 89?
89
Calculate the highest common divisor of 15 and 735.
15
What is the greatest common divisor of 2 and 4454?
2
Calculate the highest common factor of 3990 and 280.
70
Calculate the greatest common factor of 7164 and 144.
36
What is the highest common factor of 18 and 1098?
18
What is the greatest common factor of 49 and 2401?
49
Calculate the highest common divisor of 24 and 216.
24
Calculate the greatest common factor of 1017 and 452.
113
What is the highest common factor of 323 and 19?
19
Calculate the highest common divisor of 381 and 1016.
127
What is the greatest common factor of 166536 and 9?
9
What is the greatest common factor of 94 and 2726?
94
Calculate the highest common factor of 360 and 54.
18
Calculate the highest common divisor of 32756 and 76.
76
Calculate the highest common divisor of 506 and 12397.
253
What is the greatest common divisor of 29 and 551?
29
Calculate the greatest common divisor of 81 and 648.
81
What is the highest common factor of 1208 and 64?
8
What is the greatest common divisor of 190 and 76?
38
Calculate the greatest common divisor of 414 and 46.
46
Calculate the highest common factor of 12 and 2622.
6
Calculate the highest common divisor of 70 and 3626.
14
What is the highest common divisor of 290 and 10?
10
What is the highest common factor of 1369 and 37?
37
What is the highest common factor of 14 and 9996?
14
What is the highest common divisor of 44 and 3883?
11
What is the greatest common factor of 950 and 100?
50
What is the highest common factor of 4041 and 9?
9
Calculate the greatest common divisor of 99 and 11.
11
What is the highest common factor of 39 and 39?
39
What is the highest common factor of 2727 and 27?
27
What is the highest common divisor of 90 and 42?
6
Calculate the greatest common divisor of 782 and 340.
34
Calculate the highest common divisor of 1863 and 567.
81
Calculate the greatest common factor of 1092 and 84.
84
What is the highest common factor of 390 and 3640?
130
What is the greatest common factor of 172 and 258?
86
What is the greatest common factor of 2 and 5702?
2
Calculate the greatest common factor of 170 and 35.
5
Calculate the greatest common divisor of 532 and 56.
28
What is the highest common factor of 1617 and 33?
33
What is the highest common factor of 59 and 15753?
59
What is the highest common divisor of 51 and 680?
17
What is the greatest common divisor of 24 and 9?
3
Calculate the highest common factor of 108 and 180.
36
What is the highest common divisor of 156 and 108?
12
Calculate the highest common factor of 2080 and 60.
20
Calculate the highest common factor of 40 and 5140.
20
What is the highest common divisor of 32 and 48?
16
What is the greatest common factor of 52 and 325?
13
What is the greatest common factor of 357 and 68?
17
Calculate the greatest common divisor of 114 and 18.
6
Calculate the greatest common factor of 559 and 26.
13
Calculate the highest common factor of 884 and 51.
17
What is the greatest common factor of 48 and 9?
3
What is the greatest common divisor of 40 and 640?
40
What is the highest common factor of 15 and 690?
15
Calculate the highest common divisor of 1470 and 150.
30
Calculate the highest common factor of 104 and 3016.
104
What is the highest common divisor of 50 and 650?
50
Calculate the greatest common factor of 230 and 138.
46
What is the highest common factor of 9 and 549?
9
Calculate the highest common factor of 30143 and 86.
43
Calculate the greatest common factor of 92 and 79948.
92
Calculate the greatest common divisor of 200 and 75.
25
What is the greatest common divisor of 2 and 31?
1
Calculate the greatest common factor of 1284 and 535.
107
Calculate the highest common factor of 68 and 3638.
34
What is the greatest common divisor of 693 and 18?
9
Calculate the greatest common divisor of 744 and 279.
93
What is the highest common factor of 460 and 3956?
92
What is the greatest common factor of 128 and 384?
128
Calculate the highest common factor of 29090 and 10.
10
What is the greatest common divisor of 7 and 2338?
7
Calculate the greatest common divisor of 1632 and 51.
51
What is the highest common divisor of 605 and 8228?
121
Calculate the highest common divisor of 1683 and 132.
33
What is the greatest common factor of 1764 and 144?
36
What is the greatest common divisor of 973 and 119?
7
Calculate the greatest common factor of 24 and 24.
24
Calculate the greatest common divisor of 8310 and 15.
15
What is the greatest common divisor of 35 and 2170?
35
What is the greatest common factor of 45 and 20505?
15
Calculate the highest common factor o